{"id":20527,"date":"2020-04-10T17:10:15","date_gmt":"2020-04-10T20:10:15","guid":{"rendered":"https:\/\/grupomidia.com\/quemrealiza\/?page_id=20527"},"modified":"2020-04-13T08:50:25","modified_gmt":"2020-04-13T11:50:25","slug":"a-revista-quem-realiza","status":"publish","type":"page","link":"https:\/\/grupomidia.com\/quemrealiza\/a-revista-quem-realiza\/","title":{"rendered":"QUEM REALIZA"},"content":{"rendered":"<div class=\"gmail_default\">Com diagrama\u00e7\u00e3o diferenciada, conte\u00fado abrangente, rica comunica\u00e7\u00e3o e textos objetivos,<br \/>\na revista Quem Realiza une o melhor dos dois mundos ao tratar de lazer e neg\u00f3cios na<br \/>\nmesma propor\u00e7\u00e3o. Lida por tomadores de decis\u00f5es, formadores de opini\u00e3o e grandes<br \/>\nconsumidores nos mais diversos segmentos, a publica\u00e7\u00e3o traz an\u00e1lises e tend\u00eancias em<br \/>\ngest\u00e3o, pol\u00edtica e economia, al\u00e9m de editorias de interesse geral.<\/div>\n<div class=\"gmail_default\"><\/div>\n<div class=\"gmail_default\"><i>Essas infos abaixo acho bacana colocar de forma gr\u00e1fica na p\u00e1gina.<\/i><\/div>\n<div class=\"gmail_default\"><\/div>\n<div class=\"gmail_default\">Tiragem: 20 mil exemplares mensais.<\/div>\n<div class=\"gmail_default\"><\/div>\n<div class=\"gmail_default\">Circula\u00e7\u00e3o mensal, com alcance m\u00e9dio de quatro leitores por exemplar, totalizando 80.000 leitores diretos.<\/div>\n<div class=\"gmail_default\"><\/div>\n<div class=\"gmail_default\">Vers\u00e3o digitalizada da revista com alto \u00edndice de acesso<\/div>\n<div class=\"gmail_default\"><\/div>\n<div class=\"gmail_default\"><\/div>\n<div class=\"gmail_default\"><\/div>\n","protected":false},"excerpt":{"rendered":"<p>Com diagrama\u00e7\u00e3o diferenciada, conte\u00fado abrangente, rica comunica\u00e7\u00e3o e textos objetivos, a revista Quem Realiza une o melhor dos dois mundos ao tratar de lazer e neg\u00f3cios na mesma propor\u00e7\u00e3o. Lida por tomadores de decis\u00f5es, formadores de opini\u00e3o e grandes consumidores nos mais diversos segmentos, a publica\u00e7\u00e3o traz an\u00e1lises e tend\u00eancias em gest\u00e3o, pol\u00edtica e economia, [&hellip;]<\/p>\n","protected":false},"author":1,"featured_media":0,"parent":0,"menu_order":0,"comment_status":"closed","ping_status":"closed","template":"page-composer.php","meta":{"footnotes":""},"class_list":["post-20527","page","type-page","status-publish","hentry"],"wps_subtitle":"","_links":{"self":[{"href":"https:\/\/grupomidia.com\/quemrealiza\/wp-json\/wp\/v2\/pages\/20527","targetHints":{"allow":["GET"]}}],"collection":[{"href":"https:\/\/grupomidia.com\/quemrealiza\/wp-json\/wp\/v2\/pages"}],"about":[{"href":"https:\/\/grupomidia.com\/quemrealiza\/wp-json\/wp\/v2\/types\/page"}],"author":[{"embeddable":true,"href":"https:\/\/grupomidia.com\/quemrealiza\/wp-json\/wp\/v2\/users\/1"}],"replies":[{"embeddable":true,"href":"https:\/\/grupomidia.com\/quemrealiza\/wp-json\/wp\/v2\/comments?post=20527"}],"version-history":[{"count":0,"href":"https:\/\/grupomidia.com\/quemrealiza\/wp-json\/wp\/v2\/pages\/20527\/revisions"}],"wp:attachment":[{"href":"https:\/\/grupomidia.com\/quemrealiza\/wp-json\/wp\/v2\/media?parent=20527"}],"curies":[{"name":"wp","href":"https:\/\/api.w.org\/{rel}","templated":true}]}}