{"id":19631,"date":"2019-07-19T11:29:33","date_gmt":"2019-07-19T14:29:33","guid":{"rendered":"http:\/\/grupomidia.com\/quemrealiza\/?page_id=19631"},"modified":"2024-03-05T13:44:15","modified_gmt":"2024-03-05T16:44:15","slug":"quem-realiza-3","status":"publish","type":"page","link":"https:\/\/grupomidia.com\/quemrealiza\/","title":{"rendered":"Plataforma Quem Realiza"},"content":{"rendered":"","protected":false},"excerpt":{"rendered":"","protected":false},"author":1,"featured_media":0,"parent":0,"menu_order":0,"comment_status":"closed","ping_status":"closed","template":"page-composer.php","meta":{"footnotes":""},"class_list":["post-19631","page","type-page","status-publish","hentry"],"wps_subtitle":"Mais do que um simples ve\u00edculo de comunica\u00e7\u00e3o, a Quem Realiza \u00e9 a \u00fanica plataforma omnichannel de Ribeir\u00e3o Preto e regi\u00e3o presente em todos os meios.","_links":{"self":[{"href":"https:\/\/grupomidia.com\/quemrealiza\/wp-json\/wp\/v2\/pages\/19631","targetHints":{"allow":["GET"]}}],"collection":[{"href":"https:\/\/grupomidia.com\/quemrealiza\/wp-json\/wp\/v2\/pages"}],"about":[{"href":"https:\/\/grupomidia.com\/quemrealiza\/wp-json\/wp\/v2\/types\/page"}],"author":[{"embeddable":true,"href":"https:\/\/grupomidia.com\/quemrealiza\/wp-json\/wp\/v2\/users\/1"}],"replies":[{"embeddable":true,"href":"https:\/\/grupomidia.com\/quemrealiza\/wp-json\/wp\/v2\/comments?post=19631"}],"version-history":[{"count":0,"href":"https:\/\/grupomidia.com\/quemrealiza\/wp-json\/wp\/v2\/pages\/19631\/revisions"}],"wp:attachment":[{"href":"https:\/\/grupomidia.com\/quemrealiza\/wp-json\/wp\/v2\/media?parent=19631"}],"curies":[{"name":"wp","href":"https:\/\/api.w.org\/{rel}","templated":true}]}}